der when 13276 is divided by 2211.
10
What is the remainder when 3393 is divided by 733?
461
Calculate the remainder when 27487 is divided by 740.
107
What is the remainder when 146994 is divided by 250?
244
What is the remainder when 209397 is divided by 1047?
1044
Calculate the remainder when 10368 is divided by 5179.
10
Calculate the remainder when 1116239 is divided by 120.
119
What is the remainder when 103928 is divided by 21?
20
What is the remainder when 15089 is divided by 5025?
14
What is the remainder when 394 is divided by 3?
1
Calculate the remainder when 111248 is divided by 250.
248
Calculate the remainder when 10599 is divided by 1501.
92
What is the remainder when 414306 is divided by 109?
106
Calculate the remainder when 252451 is divided by 1683.
1
What is the remainder when 682359 is divided by 140?
139
What is the remainder when 137639 is divided by 124?
123
What is the remainder when 82641 is divided by 426?
423
Calculate the remainder when 3951 is divided by 929.
235
What is the remainder when 70707 is divided by 5439?
0
What is the remainder when 306765 is divided by 83?
80
Calculate the remainder when 3532 is divided by 684.
112
Calculate the remainder when 359558 is divided by 207.
206
What is the remainder when 655 is divided by 228?
199
Calculate the remainder when 16849 is divided by 159.
154
Calculate the remainder when 272033 is divided by 3200.
33
Calculate the remainder when 179294 is divided by 35858.
4
Calculate the remainder when 26595 is divided by 397.
393
What is the remainder when 369158 is divided by 40?
38
What is the remainder when 9169 is divided by 37?
30
What is the remainder when 3655 is divided by 226?
39
What is the remainder when 79499 is divided by 100?
99
Calculate the remainder when 542 is divided by 107.
7
What is the remainder when 37647 is divided by 48?
15
Calculate the remainder when 20897 is divided by 193.
53
Calculate the remainder when 48312 is divided by 166.
6
What is the remainder when 33048 is divided by 331?
279
Calculate the remainder when 18649 is divided by 373.
372
Calculate the remainder when 138966 is divided by 59.
21
Calculate the remainder when 5453 is divided by 3867.
1586
Calculate the remainder when 383357 is divided by 31.
11
Calculate the remainder when 7172 is divided by 110.
22
What is the remainder when 5949 is divided by 183?
93
What is the remainder when 3821 is divided by 763?
6
Calculate the remainder when 344054 is divided by 301.
11
Calculate the remainder when 315347 is divided by 371.
368
Calculate the remainder when 620634 is divided by 9263.
13
Calculate the remainder when 36123 is divided by 17.
15
What is the remainder when 38524 is divided by 128?
124
Calculate the remainder when 3294 is divided by 545.
24
Calculate the remainder when 1509 is divided by 251.
3
What is the remainder when 466 is divided by 17?
7
Calculate the remainder when 486140 is divided by 1163.
6
Calculate the remainder when 9162 is divided by 435.
27
Calculate the remainder when 27999 is divided by 20.
19
What is the remainder when 16030 is divided by 471?
16
Calculate the remainder when 543738 is divided by 173.
172
Calculate the remainder when 6861 is divided by 1703.
49
Calculate the remainder when 2529 is divided by 115.
114
Calculate the remainder when 179713 is divided by 2.
1
Calculate the remainder when 11751 is divided by 5.
1
Calculate the remainder when 329362 is divided by 109752.
106
What is the remainder when 2896 is divided by 308?
124
Calculate the remainder when 824349 is divided by 20.
9
What is the remainder when 4369 is divided by 1084?
33
Calculate the remainder when 858740 is divided by 39.
38
Calculate the remainder when 50886 is divided by 12693.
114
What is the remainder when 1925 is divided by 243?
224
What is the remainder when 454843 is divided by 277?
9
What is the remainder when 291 is divided by 205?
86
Calculate the remainder when 74648 is divided by 4665.
8
What is the remainder when 11573 is divided by 193?
186
Calculate the remainder when 10132 is divided by 77.
45
Calculate the remainder when 4933 is divided by 213.
34
Calculate the remainder when 5466 is divided by 156.
6
Calculate the remainder when 182122 is divided by 78.
70
Calculate the remainder when 5814 is divided by 276.
18
Calculate the remainder when 139638 is divided by 75.
63
Calculate the remainder when 366360 is divided by 36635.
10
Calculate the remainder when 318572 is divided by 38.
18
What is the remainder when 28285 is divided by 228?
13
What is the remainder when 5277 is divided by 2613?
51
Calculate the remainder when 1492 is divided by 44.
40
What is the remainder when 11566 is divided by 600?
166
What is the remainder when 7432 is divided by 62?
54
Calculate the remainder when 151416 is divided by 122.
14
What is the remainder when 74879 is divided by 333?
287
Calculate the remainder when 623067 is divided by 1169.
1159
What is the remainder when 11871 is divided by 17?
5
What is the remainder when 2719 is divided by 29?
22
What is the remainder when 6505 is divided by 44?
37
What is the remainder when 30885 is divided by 234?
231
Calculate the remainder when 213958 is divided by 252.
10
What is the remainder when 18611 is divided by 37?
0
What is the remainder when 79210 is divided by 42?
40
Calculate the remainder when 74936 is divided by 9366.
8
What is the remainder when 341 is divided by 171?
170
What is the remainder when 3293 is divided by 165?
158
What is the remainder when 25777 is divided by 8?
1
Calculate the remainder when 9928 is divided by 403.
256
Calculate the remainder when 13264 is divided by 33.
31
What is the remainder when 1128598 is divided by 275?
273
Calculate the remainder when 425 is divided by 216.
209
Calculate the remainder when 157793 is divided by 19.
17
Calculate the remainder when 86632 is divided by 932.
888
What is the remainder when 703 is divided by 343?
17
What is the remainder when 10480 is divided by 108?
4
What is the remainder when 1340 is divided by 1331?
9
Calculate the remainder when 13165 is divided by 790.
525
What is the remainder when 24404 is divided by 583?
501
Calculate the remainder when 5319 is divided by 2655.
9
What is the remainder when 60937 is divided by 420?
37
Calculate the remainder when 23449 is divided by 399.
307
Calculate the remainder when 10626 is divided by 5303.
20
What is the remainder when 6067 is divided by 2871?
325
What is the remainder when 1709 is divided by 727?
255
Calculate the remainder when 13931 is divided by 497.
15
What is the remainder when 25521 is divided by 232?
1
Calculate the remainder when 6808 is divided by 82.
2
What is the remainder when 21785 is divided by 7246?
47
Calculate the remainder when 343768 is divided by 12.
4
Calculate the remainder when 75242 is divided by 254.
58
What is the remainder when 66120 is divided by 13223?
5
What is the remainder when 2522515 is divided by 147?
142
What is the remainder when 563445 is divided by 25?
20
Calculate the remainder when 19363 is divided by 3872.
3
What is the remainder when 66631 is divided by 2297?
18
Calculate the remainder when 115393 is divided by 17.
14
Calculate the remainder when 32309 is divided by 73.
43
Calculate the remainder when 9110 is divided by 324.
38
What is the remainder when 51773 is divided by 16?
13
What is the remainder when 972 is divided by 723?
249
Calculate the remainder when 1199 is divided by 225.
74
Calculate the remainder when 55294 is divided by 498.
16
What is the remainder when 1442765 is divided by 23?
21
What is the remainder when 2097 is divided by 82?
47
Calculate the remainder when 1526 is divided by 778.
748
Calculate the remainder when 13413 is divided by 13354.
59
Calculate the remainder when 4743 is divided by 236.
23
Calculate the remainder when 7326 is divided by 811.
27
What is the remainder when 663115 is divided by 147?
145
Calculate the remainder when 764 is divided by 323.
118
What is the remainder when 26459 is divided by 1761?
44
What is the remainder when 182464 is divided by 681?
637
What is the remainder when 10402 is divided by 1039?
12
Calculate the remainder when 6779 is divided by 21.
17
Calculate the remainder when 3780 is divided by 3764.
16
Calculate the re